{"id":228,"date":"2018-11-04T22:41:46","date_gmt":"2018-11-04T22:41:46","guid":{"rendered":"https:\/\/jf-ameixial.pt\/tmp\/?page_id=228"},"modified":"2026-04-30T19:02:09","modified_gmt":"2026-04-30T19:02:09","slug":"inicio","status":"publish","type":"page","link":"https:\/\/new.jf-ameixial.pt\/","title":{"rendered":""},"content":{"rendered":"\n<div class=\"alignnormal\"><div id=\"metaslider-id-1449\" style=\"width: 100%; margin: 0 auto;\" class=\"ml-slider-3-108-0 metaslider metaslider-flex metaslider-1449 ml-slider has-dots-nav ms-theme-default-base\" role=\"region\" aria-label=\"New Slideshow\" data-height=\"300\" data-width=\"700\">\n    <div id=\"metaslider_container_1449\">\n        <div id=\"metaslider_1449\">\n            <ul aria-live='off' class='slides'>\n                <li style=\"display: block; width: 100%;\" class=\"slide-1453 ms-image \" aria-roledescription=\"slide\" data-date=\"2026-04-18 11:15:40\" data-filename=\"MR_6601817fa4418-700x300.jpg\" data-slide-type=\"image\"><img loading=\"lazy\" decoding=\"async\" src=\"https:\/\/new.jf-ameixial.pt\/wp-content\/uploads\/2026\/04\/MR_6601817fa4418-700x300.jpg\" height=\"300\" width=\"700\" alt=\"\" class=\"slider-1449 slide-1453 msDefaultImage\" title=\"MR_6601817fa4418\" \/><\/li>\n                <li style=\"display: none; width: 100%;\" class=\"slide-1455 ms-image \" aria-roledescription=\"slide\" data-date=\"2026-04-18 11:15:41\" data-filename=\"Ameixial_13531956103-scaled-700x300.jpg\" data-slide-type=\"image\"><img loading=\"lazy\" decoding=\"async\" src=\"https:\/\/new.jf-ameixial.pt\/wp-content\/uploads\/2026\/04\/Ameixial_13531956103-scaled-700x300.jpg\" height=\"300\" width=\"700\" alt=\"\" class=\"slider-1449 slide-1455 msDefaultImage\" title=\"Ameixial_(13531956103)\" \/><\/li>\n                <li style=\"display: none; width: 100%;\" class=\"slide-1454 ms-image \" aria-roledescription=\"slide\" data-date=\"2026-04-18 11:15:40\" data-filename=\"111-10-1128x939-1-700x300.jpg\" data-slide-type=\"image\"><img loading=\"lazy\" decoding=\"async\" src=\"https:\/\/new.jf-ameixial.pt\/wp-content\/uploads\/2026\/04\/111-10-1128x939-1-700x300.jpg\" height=\"300\" width=\"700\" alt=\"\" class=\"slider-1449 slide-1454 msDefaultImage\" title=\"111-10-1128x939\" \/><\/li>\n            <\/ul>\n        <\/div>\n        \n    <\/div>\n<\/div><\/div>\n\n\n\n<h2 class=\"wp-block-heading has-text-align-center\">Ultimas Not\u00edcias<\/h2>\n\n\n\n<html>\n\n<head>\n    <title>Info Card<\/title>\n    <style>\n        .section {\n            display: flex;\n            flex-wrap: wrap;\n            justify-content: center;\n            font-family: \"Inter\", sanserif;\n            padding: 30px;\n        }\n\n        .infocard {\n            display: flex;\n            flex-direction: column;\n            width: 290px;\n            height: 490px;\n            background: #ffff;\n            border-radius: 10px;\n            margin: 10px;\n        }\n\n        img {\n            height: 290px;\n            width: 100%;\n            overflow: hidden;\n            object-fit: cover;\n            border-top-left-radius: 10px;\n            border-top-right-radius: 10px;\n            filter: drop-shadow(0px 4px 2px #aaaa);\n        }\n\n        .article {\n            padding: 22px;\n            text-align: justify;\n            display: flex;\n            -ms-flex-direction: column;\n            flex-direction: column;\n            height: 100%;\n\t\t\tposition: relative;\n        }\n\n        .article > p {\n\t\t\theight: 170px;\n            \/*white-space: nowrap;*\/\n            overflow: hidden;\n            text-overflow: clip;\n        }\n\n        .article > h2 {\n            height: 20px;\n        }\n\n        a {\n            text-decoration: none;\n        }\n\n        .day {\n            display: flex;\n            justify-content: space-between;\n\t\t\tposition: absolute;\n\t\t\tbottom: 0;\n        }\n    <\/style>\n<\/head>\n\n<body>\n    <div class=\"section\">\n        <div class=\"infocard\">\n            <img decoding=\"async\"\n                src=\"https:\/\/images.pexels.com\/photos\/6476777\/pexels-photo-6476777.jpeg?auto=compress&#038;cs=tinysrgb&#038;w=1260&#038;h=750&#038;dpr=1\">\n            <div class=\"article\">\n                <a href=\"\">Evento<\/a>\n                <h2> 1 de Maio | Festa da Seiceira<\/h2>\n                <p class=\"article-body\">Aproveite o feriado do Dia do Trabalhador, no 1\u00ba de maio, para vir passear at\u00e9 ao cora\u00e7\u00e3o da serra do caldeir\u00e3o e participar numa das maiores festas populares da regi\u00e3o <b>a Festa da Seiceira<\/b> <\/p>\n                <div class=\"day\">\n                    <p class=\"tim\">April 20, 2026<\/p>\n                <\/div>\n            <\/div>\n        <\/div>\n        <div class=\"infocard\">\n            <img decoding=\"async\"\n                src=\"https:\/\/images.pexels.com\/photos\/6476777\/pexels-photo-6476777.jpeg?auto=compress&#038;cs=tinysrgb&#038;w=1260&#038;h=750&#038;dpr=1\">\n            <div class=\"article\">\n                <a href=\"\">Documentos<\/a>\n                <h2> Hasta P\u00fablica 01\/2026<\/h2>\n                <p>&#8220;vero harum amet porro architecto rerum non impedit dignissimos aspernatur iusto dolore soluta ex esse facere ipsa aperiam quibusdam voluptatem vero harum amet porro architecto rerum non impedit dignissimos aspernatur iusto dolore soluta ex esse facere ipsa aperiam quibusdam voluptatem vero harum amet porro architecto rerum non impedit dignissimos aspernatur iusto dolore soluta ex esse facere ipsa aperiam quibusdam voluptatem&#8221; <\/p>\n                <div class=\"day\">\n                    <p class=\"tim\">April 19, 2026<\/p>\n                <\/div>\n            <\/div>\n        <\/div>\n    <\/div>\n<\/body>\n\n<\/html>\n","protected":false},"excerpt":{"rendered":"<p>Ultimas Not\u00edcias Info Card Evento 1 de Maio | Festa da Seiceira Aproveite o feriado do Dia do Trabalhador, no 1\u00ba de maio, para vir passear at\u00e9 ao cora\u00e7\u00e3o da serra do caldeir\u00e3o e participar numa das maiores festas populares da regi\u00e3o a Festa da Seiceira April 20, 2026 Documentos Hasta P\u00fablica 01\/2026 &#8220;vero harum&hellip;&nbsp;<a href=\"https:\/\/new.jf-ameixial.pt\/\" rel=\"bookmark\"><span class=\"screen-reader-text\"><\/span><\/a><\/p>\n","protected":false},"author":1,"featured_media":0,"parent":0,"menu_order":0,"comment_status":"closed","ping_status":"closed","template":"","meta":{"neve_meta_sidebar":"","neve_meta_container":"","neve_meta_enable_content_width":"","neve_meta_content_width":0,"neve_meta_title_alignment":"","neve_meta_author_avatar":"","neve_post_elements_order":"","neve_meta_disable_header":"","neve_meta_disable_footer":"","neve_meta_disable_title":"","footnotes":""},"class_list":["post-228","page","type-page","status-publish"],"_links":{"self":[{"href":"https:\/\/new.jf-ameixial.pt\/index.php?rest_route=\/wp\/v2\/pages\/228","targetHints":{"allow":["GET"]}}],"collection":[{"href":"https:\/\/new.jf-ameixial.pt\/index.php?rest_route=\/wp\/v2\/pages"}],"about":[{"href":"https:\/\/new.jf-ameixial.pt\/index.php?rest_route=\/wp\/v2\/types\/page"}],"author":[{"embeddable":true,"href":"https:\/\/new.jf-ameixial.pt\/index.php?rest_route=\/wp\/v2\/users\/1"}],"replies":[{"embeddable":true,"href":"https:\/\/new.jf-ameixial.pt\/index.php?rest_route=%2Fwp%2Fv2%2Fcomments&post=228"}],"version-history":[{"count":6,"href":"https:\/\/new.jf-ameixial.pt\/index.php?rest_route=\/wp\/v2\/pages\/228\/revisions"}],"predecessor-version":[{"id":1493,"href":"https:\/\/new.jf-ameixial.pt\/index.php?rest_route=\/wp\/v2\/pages\/228\/revisions\/1493"}],"wp:attachment":[{"href":"https:\/\/new.jf-ameixial.pt\/index.php?rest_route=%2Fwp%2Fv2%2Fmedia&parent=228"}],"curies":[{"name":"wp","href":"https:\/\/api.w.org\/{rel}","templated":true}]}}